llions digit of 4182773703?
8
What is the ten millions digit of 874459611?
7
What is the hundreds digit of 1439152092?
0
What is the hundred thousands digit of 23749766?
7
What is the ten millions digit of 2255108105?
5
What is the millions digit of 84573965?
4
What is the billions digit of 7075851331?
7
What is the units digit of 19124655?
5
What is the hundred thousands digit of 1935725430?
7
What is the millions digit of 690190428?
0
What is the hundreds digit of 3859729538?
5
What is the hundred millions digit of 2371532547?
3
What is the units digit of 1725566886?
6
What is the ten thousands digit of 717101199?
0
What is the tens digit of 643211280?
8
What is the billions digit of 3966453036?
3
What is the ten millions digit of 998856132?
9
What is the tens digit of 48266348?
4
What is the hundreds digit of 1393358906?
9
What is the hundred millions digit of 508493126?
5
What is the hundreds digit of 491949795?
7
What is the units digit of 304662794?
4
What is the hundred thousands digit of 4935133621?
1
What is the thousands digit of 18110452?
0
What is the units digit of 3625035797?
7
What is the tens digit of 309128310?
1
What is the units digit of 12733456?
6
What is the ten millions digit of 118546653?
1
What is the hundreds digit of 114485389?
3
What is the hundred thousands digit of 1091627832?
6
What is the ten millions digit of 19595929?
1
What is the ten thousands digit of 837877650?
7
What is the thousands digit of 5755929421?
9
What is the hundreds digit of 3418640375?
3
What is the tens digit of 1005307241?
4
What is the hundred thousands digit of 673995297?
9
What is the hundreds digit of 3304518?
5
What is the hundred thousands digit of 6759215531?
2
What is the thousands digit of 55908274?
8
What is the ten thousands digit of 2099804594?
0
What is the units digit of 1183303855?
5
What is the ten thousands digit of 4559214830?
1
What is the ten millions digit of 134439567?
3
What is the hundred thousands digit of 571772349?
7
What is the hundreds digit of 3250734779?
7
What is the hundred millions digit of 333870365?
3
What is the millions digit of 174542100?
4
What is the thousands digit of 851395408?
5
What is the units digit of 108259385?
5
What is the ten thousands digit of 48809713?
0
What is the hundreds digit of 235284177?
1
What is the hundred millions digit of 1334612629?
3
What is the units digit of 19272331?
1
What is the tens digit of 356008804?
0
What is the hundred millions digit of 805620289?
8
What is the thousands digit of 446105833?
5
What is the hundred millions digit of 939365928?
9
What is the tens digit of 48455037?
3
What is the units digit of 826043521?
1
What is the hundreds digit of 526564368?
3
What is the hundred thousands digit of 3987981996?
9
What is the thousands digit of 167404214?
4
What is the tens digit of 185651450?
5
What is the hundreds digit of 1671581557?
5
What is the millions digit of 93054154?
3
What is the ten thousands digit of 187506070?
0
What is the thousands digit of 174867597?
7
What is the hundred thousands digit of 113076988?
0
What is the ten thousands digit of 3062214?
6
What is the tens digit of 458074442?
4
What is the units digit of 23345688?
8
What is the hundreds digit of 178482651?
6
What is the ten thousands digit of 1017173278?
7
What is the units digit of 2099939885?
5
What is the tens digit of 658600729?
2
What is the hundred thousands digit of 385263661?
2
What is the hundreds digit of 3237423952?
9
What is the millions digit of 49041047?
9
What is the ten thousands digit of 1285998688?
9
What is the hundred millions digit of 377345092?
3
What is the hundred millions digit of 132900171?
1
What is the millions digit of 33973604?
3
What is the hundred thousands digit of 917043?
9
What is the ten thousands digit of 645458425?
5
What is the ten millions digit of 197952751?
9
What is the millions digit of 24021992?
4
What is the ten millions digit of 157486565?
5
What is the hundred thousands digit of 2348987215?
9
What is the hundred millions digit of 164485902?
1
What is the thousands digit of 81111151?
1
What is the thousands digit of 43635873?
5
What is the units digit of 336617416?
6
What is the thousands digit of 1303224697?
4
What is the units digit of 165964542?
2
What is the tens digit of 36198226?
2
What is the ten millions digit of 214026326?
1
What is the hundreds digit of 543485396?
3
What is the tens digit of 16036332?
3
What is the ten thousands digit of 15289313?
8
What is the ten millions digit of 203792699?
0
What is the hundred thousands digit of 179034835?
0
What is the hundreds digit of 1662091757?
7
What is the hundreds digit of 5872499535?
5
What is the ten millions digit of 4189160340?
8
What is the millions digit of 772390741?
2
What is the ten millions digit of 2997182108?
9
What is the tens digit of 1069028165?
6
What is the ten millions digit of 1385675663?
8
What is the hundred millions digit of 254278036?
2
What is the ten thousands digit of 191587806?
8
What is the tens digit of 233040112?
1
What is the hundred thousands digit of 2875539447?
5
What is the billions digit of 1645504896?
1
What is the tens digit of 144454551?
5
What is the hundred millions digit of 558013172?
5
What is the hundreds digit of 156130119?
1
What is the ten thousands digit of 99511509?
1
What is the millions digit of 1085268235?
5
What is the thousands digit of 51372803?
2
What is the millions digit of 561438287?
1
What is the ten thousands digit of 7657271370?
7
What is the units digit of 27825841?
1
What is the hundred thousands digit of 351068370?
0
What is the hundred thousands digit of 106679193?
6
What is the tens digit of 157055515?
1
What is the tens digit of 124613267?
6
What is the ten thousands digit of 12214178?
1
What is the thousands digit of 229893226?
3
What is the tens digit of 1872679603?
0
What is the hundred thousands digit of 224909566?
9
What is the ten thousands digit of 156414915?
1
What is the thousands digit of 3673616873?
6
What is the units digit of 2099413209?
9
What is the units digit of 318699417?
7
What is the tens digit of 16123827?
2
What is the ten millions digit of 259839718?
5
What is the billions digit of 1282152736?
1
What is the tens digit of 122087097?
9
What is the ten millions digit of 71197133?
7
What is the millions digit of 1017858321?
7
What is the hundred millions digit of 1257163825?
2
What is the tens digit of 8095440201?
0
What is the hundred thousands digit of 51441109?
4
What is the tens digit of 952406034?
3
What is the ten millions digit of 39066938?
3
What is the ten thousands digit of 379910132?
1
What is the units digit of 309734947?
7
What is the millions digit of 2615580337?
5
What is the hundred thousands digit of 138534150?
5
What is the units digit of 4862946427?
7
What is the tens digit of 400599346?
4
What is the ten thousands digit of 2169696960?
9
What is the tens digit of 317218614?
1
What is the thousands digit of 12134505?
4
What is the ten millions digit of 1366910364?
6
What is the hundred millions digit of 528333192?
5
What is the millions digit of 336627853?
6
What is the ten thousands digit of 392184205?
8
What is the hundred millions digit of 162755958?
1
What is the billions digit of 6541185952?
6
What is the units digit of 232703219?
9
What is the units digit of 748464978?
8
What is the hundreds digit of 18203561?
5
What is the ten thousands digit of 1665020145?
2
What is the millions digit of 33691466?
3
What is the ten thousands digit of 1020202782?
0
What is the hundreds digit of 6686675?
6
What is the ten thousands digit of 244834212?
3
What is the thousands digit of 37250109?
0
What is the hundred millions digit of 513720918?
5
What is the units digit of 71668468?
8
What is the tens digit of 38922635?
3
What is the thousands digit of 32078547?
8
What is the ten thousands digit of 34512200?
1
What is the hundreds digit of 8723890?
8
What is the hundreds digit of 73763486?
4
What is the ten millions digit of 1451218916?
5
What is the hundred millions digit of 494462718?
4
What is the ten millions digit of 251096743?
5
What is the ten thousands digit of 15155406?
5
What is the hundred thousands digit of 54564373?
5
What is the hundred millions digit of 1754747060?
7
What is 